{"id":319,"date":"2025-04-12T07:28:39","date_gmt":"2025-04-12T07:28:39","guid":{"rendered":"https:\/\/dientuhd.com\/?post_type=product&#038;p=319"},"modified":"2026-03-05T07:40:24","modified_gmt":"2026-03-05T07:40:24","slug":"mach-bluetooth-5-0-cong-suat-7w","status":"publish","type":"product","link":"https:\/\/dientuhd.com\/index.php\/san-pham\/mach-bluetooth-5-0-cong-suat-7w\/","title":{"rendered":"M\u1ea1ch bluetooth 5.0 c\u00f4ng su\u1ea5t 7w"},"content":{"rendered":"<p>&gt;&gt;&gt; \u0110\u00c2Y L\u00c0 M\u1ea0CH M\u1edaI T\u1ed2N KHO ( \u0111\u01b0\u1ee3c thay t\u1ee5 m\u1edbi r\u1ea5t to \u0111\u1ec3 b\u1ec1n v\u00e0 l\u1ef1c h\u01a1n )<br \/>\n+ lo\u1ea1i ch\u1ec9 m\u1ea1ch l\u00e0 kh\u00f4ng c\u00f3 d\u00e2y k\u1ebft n\u1ed1i k\u00e8m theo<br \/>\n&#8211; Phi\u00ean b\u1ea3n bluetooth 5.0 k\u1ebft n\u1ed1i nhanh, ti\u1ebfng kh\u1edfi \u0111\u1ed9ng \u00eam kh\u00f4ng c\u00f3 ti\u1ebfng n\u00f3i kh\u00f3 ch\u1ecbu<br \/>\n&#8211; Ic khu\u1ebfch \u0111\u1ea1i HT8691 c\u00f4ng su\u1ea5t 7w, \u00e2m l\u01b0\u1ee3ng l\u1edbn, kh\u1edfi \u0111\u1ed9ng \u00eam (ti\u1ebfng kh\u1edfi \u0111\u1ed9ng gi\u1ed1ng \u00e2m b\u00e1o tin nh\u1eafn \u0111i\u1ec7n tho\u1ea1i)<br \/>\n&#8211; S\u1eed d\u1ee5ng pin 3.7v c\u00f3 t\u00edch h\u1ee3p s\u1ea1c qua c\u1ed5ng microusb<br \/>\n&#8211; Anh em l\u01b0u \u00fd d\u00f9ng pin t\u1ed1t d\u00f2ng x\u1ea3 tr\u00ean 1A \u0111\u1ec3 max volume ko b\u1ecb s\u1ee5t ngu\u1ed3n nh\u00e9 ( ph\u1ea3i c\u00f3 pin m\u1ea1ch m\u1edbi ch\u1ea1y \u1ea1)<br \/>\n&#8211; Bass qu\u00e1 ok trong t\u1ea7m gi\u00e1<br \/>\n&#8211; M\u1ea1ch \u0111\u00e3 test ok tr\u01b0\u1edbc khi g\u1eedi<br \/>\n* L\u01b0u \u00fd:<br \/>\n&#8211; Shop ch\u1ec9 \u0111\u1ea3m b\u1ea3o t\u00ednh n\u0103ng bluetooth c\u1ee7a m\u1ea1ch, c\u00e1c t\u00ednh n\u0103ng kh\u00e1c anh em vui l\u00f2ng t\u1ef1 nghi\u00ean c\u1ee9u, xin c\u1ea3m \u01a1n!<br \/>\nth\u00f4ng s\u1ed1 ic c\u00f4ng su\u1ea5t: (m\u1eb7c \u0111\u1ecbnh pvdd l\u00e0 7v)<br \/>\nn\u7279\u70b9<br \/>\n\u30fb\u9632\u524a\u9876\u5931\u771f\u529f\u80fd(\u9632\u7834\u97f3,Anti-ClippingFunction,ACF)<br \/>\n\u30fb\u514d\u6ee4\u6ce2\u5668\u6570\u5b57\u8c03\u5236\uff0c\u76f4\u63a5\u9a71\u52a8\u626c\u58f0\u5668<br \/>\n\u30fb\u8f93\u51fa\u529f\u73875.5W(VBAT=4.2V,PVDD=6.5V,RL=4\u2126,THD+N=10%)<br \/>\n7.0W(VBAT=4.2V,PVDD=7.0V,RL=3\u2126,THD+N=10%)<br \/>\n3.0W(VBAT=4.2V,PVDD=6.5V,RL=8\u2126,THD+N=10%)<br \/>\n\u30fb\u7535\u6e90-\u5347\u538b\u8f93\u5165VBAT\uff1a2.5V\u81f35.5V-\u5347\u538b\u8f93\u51faPVDD\uff1aVBAT\u81f37.5V<br \/>\n\u30fbBOOST\u8f93\u51fa\u7535\u538b\u53ef\u8c03<br \/>\n\u30fbAB\/D\u7c7b\u53ef\u5207\u6362<br \/>\n\u30fb\u4fdd\u62a4\u529f\u80fd:\u8fc7\u6d41\/\u8fc7\u70ed\/\u6b20\u538b\u5f02\u5e38\u4fdd\u62a4\u529f\u80fd<br \/>\n\u30fb\u65e0\u94c5\u5c01\u88c5\uff0cSOP8L-<\/p>\n","protected":false},"excerpt":{"rendered":"<p>&#8211; Phi\u00ean b\u1ea3n bluetooth 5.0 k\u1ebft n\u1ed1i nhanh, ti\u1ebfng kh\u1edfi \u0111\u1ed9ng \u00eam kh\u00f4ng c\u00f3 ti\u1ebfng n\u00f3i kh\u00f3 ch\u1ecbu<br \/>\n&#8211; Ic khu\u1ebfch \u0111\u1ea1i HT8691 c\u00f4ng su\u1ea5t 7w, \u00e2m l\u01b0\u1ee3ng l\u1edbn, kh\u1edfi \u0111\u1ed9ng \u00eam (ti\u1ebfng kh\u1edfi \u0111\u1ed9ng gi\u1ed1ng \u00e2m b\u00e1o tin nh\u1eafn \u0111i\u1ec7n tho\u1ea1i)<br \/>\n&#8211; S\u1eed d\u1ee5ng pin 3.7v c\u00f3 t\u00edch h\u1ee3p s\u1ea1c qua c\u1ed5ng microusb<br \/>\n&#8211; Anh em l\u01b0u \u00fd d\u00f9ng pin t\u1ed1t d\u00f2ng x\u1ea3 tr\u00ean 1A \u0111\u1ec3 max volume ko b\u1ecb s\u1ee5t ngu\u1ed3n nh\u00e9 ( ph\u1ea3i c\u00f3 pin m\u1ea1ch m\u1edbi ch\u1ea1y \u1ea1)<br \/>\n&#8211; Bass qu\u00e1 ok trong t\u1ea7m gi\u00e1<\/p>\n","protected":false},"featured_media":321,"comment_status":"open","ping_status":"closed","template":"","meta":[],"product_brand":[],"product_cat":[33],"product_tag":[],"class_list":{"0":"post-319","1":"product","2":"type-product","3":"status-publish","4":"has-post-thumbnail","6":"product_cat-mach-cong-suat","8":"first","9":"instock","10":"shipping-taxable","11":"purchasable","12":"product-type-simple"},"jetpack_sharing_enabled":true,"_links":{"self":[{"href":"https:\/\/dientuhd.com\/index.php\/wp-json\/wp\/v2\/product\/319","targetHints":{"allow":["GET"]}}],"collection":[{"href":"https:\/\/dientuhd.com\/index.php\/wp-json\/wp\/v2\/product"}],"about":[{"href":"https:\/\/dientuhd.com\/index.php\/wp-json\/wp\/v2\/types\/product"}],"replies":[{"embeddable":true,"href":"https:\/\/dientuhd.com\/index.php\/wp-json\/wp\/v2\/comments?post=319"}],"wp:featuredmedia":[{"embeddable":true,"href":"https:\/\/dientuhd.com\/index.php\/wp-json\/wp\/v2\/media\/321"}],"wp:attachment":[{"href":"https:\/\/dientuhd.com\/index.php\/wp-json\/wp\/v2\/media?parent=319"}],"wp:term":[{"taxonomy":"product_brand","embeddable":true,"href":"https:\/\/dientuhd.com\/index.php\/wp-json\/wp\/v2\/product_brand?post=319"},{"taxonomy":"product_cat","embeddable":true,"href":"https:\/\/dientuhd.com\/index.php\/wp-json\/wp\/v2\/product_cat?post=319"},{"taxonomy":"product_tag","embeddable":true,"href":"https:\/\/dientuhd.com\/index.php\/wp-json\/wp\/v2\/product_tag?post=319"}],"curies":[{"name":"wp","href":"https:\/\/api.w.org\/{rel}","templated":true}]}}